{"id":1027,"date":"2021-10-29T13:13:12","date_gmt":"2021-10-29T16:13:12","guid":{"rendered":"http:\/\/tathatavrindham-brasil.com.br\/site\/?page_id=1027"},"modified":"2021-10-29T18:27:45","modified_gmt":"2021-10-29T21:27:45","slug":"meditacao-vedica-semanal-online","status":"publish","type":"page","link":"https:\/\/tathatavrindham-brasil.com.br\/site\/meditacao-vedica-semanal-online\/","title":{"rendered":"Medita\u00e7\u00e3o V\u00e9dica Semanal Online"},"content":{"rendered":"<h4 style=\"text-align: center;\">Quintas-Feiras \u00e0s 19h30 com t\u00e9rmino previsto \u00e0s 20h15<\/h4>\n<p><a href=\"https:\/\/us02web.zoom.us\/j\/89579316782\" target=\"_blank\" rel=\"noopener noreferrer\"><img decoding=\"async\" loading=\"lazy\" class=\"aligncenter size-large wp-image-1039\" src=\"http:\/\/tathatavrindham-brasil.com.br\/site\/wp-content\/uploads\/2021\/10\/convite-1024x576.jpg\" alt=\"Medita\u00e7\u00e3o V\u00e9dica Semanal Online\" width=\"720\" height=\"405\" srcset=\"https:\/\/tathatavrindham-brasil.com.br\/site\/wp-content\/uploads\/2021\/10\/convite-1024x576.jpg 1024w, https:\/\/tathatavrindham-brasil.com.br\/site\/wp-content\/uploads\/2021\/10\/convite-300x169.jpg 300w, https:\/\/tathatavrindham-brasil.com.br\/site\/wp-content\/uploads\/2021\/10\/convite-768x432.jpg 768w, https:\/\/tathatavrindham-brasil.com.br\/site\/wp-content\/uploads\/2021\/10\/convite.jpg 1280w\" sizes=\"(max-width: 720px) 100vw, 720px\" \/><\/a><\/p>\n<div style=\"margin: 0 auto; width: 800px;\">\n<div style=\"margin: 0 auto; width: 99%; text-align:cente;\">\n<a href=\"https:\/\/us02web.zoom.us\/j\/89579316782\" target=\"_blank\" rel=\"noopener noreferrer\"><button><\/p>\n<p style=\"text-align: center;\">Acesse aqui a plataforma Zoom<\/p>\n<p><\/button><\/a>\n<\/div>\n<\/div>\n<h4><\/h4>\n<h4 style=\"text-align: center;\">Raga de Abertura &#8211; Soulmate<\/h4>\n<div style=\"margin: 0 auto; width: 99%;\"><iframe loading=\"lazy\" width=\"99%\" height=\"315\" src=\"https:\/\/www.youtube.com\/embed\/CivuOZxw730\" title=\"YouTube video player\" frameborder=\"0\" allow=\"accelerometer; autoplay; clipboard-write; encrypted-media; gyroscope; picture-in-picture\" allowfullscreen><\/iframe><\/div>\n","protected":false},"excerpt":{"rendered":"<p>Quintas-Feiras \u00e0s 19h30 com t\u00e9rmino previsto \u00e0s 20h15 Acesse aqui a plataforma Zoom Raga de Abertura &#8211; Soulmate<\/p>\n","protected":false},"author":1,"featured_media":0,"parent":0,"menu_order":0,"comment_status":"closed","ping_status":"closed","template":"","meta":[],"_links":{"self":[{"href":"https:\/\/tathatavrindham-brasil.com.br\/site\/wp-json\/wp\/v2\/pages\/1027"}],"collection":[{"href":"https:\/\/tathatavrindham-brasil.com.br\/site\/wp-json\/wp\/v2\/pages"}],"about":[{"href":"https:\/\/tathatavrindham-brasil.com.br\/site\/wp-json\/wp\/v2\/types\/page"}],"author":[{"embeddable":true,"href":"https:\/\/tathatavrindham-brasil.com.br\/site\/wp-json\/wp\/v2\/users\/1"}],"replies":[{"embeddable":true,"href":"https:\/\/tathatavrindham-brasil.com.br\/site\/wp-json\/wp\/v2\/comments?post=1027"}],"version-history":[{"count":26,"href":"https:\/\/tathatavrindham-brasil.com.br\/site\/wp-json\/wp\/v2\/pages\/1027\/revisions"}],"predecessor-version":[{"id":1057,"href":"https:\/\/tathatavrindham-brasil.com.br\/site\/wp-json\/wp\/v2\/pages\/1027\/revisions\/1057"}],"wp:attachment":[{"href":"https:\/\/tathatavrindham-brasil.com.br\/site\/wp-json\/wp\/v2\/media?parent=1027"}],"curies":[{"name":"wp","href":"https:\/\/api.w.org\/{rel}","templated":true}]}}