{"id":364,"date":"2020-08-21T12:22:55","date_gmt":"2020-08-21T15:22:55","guid":{"rendered":"http:\/\/tathatavrindham-brasil.com.br\/site\/?page_id=364"},"modified":"2020-08-27T21:05:07","modified_gmt":"2020-08-28T00:05:07","slug":"biografia","status":"publish","type":"page","link":"https:\/\/tathatavrindham-brasil.com.br\/site\/biografia\/","title":{"rendered":"Biografia"},"content":{"rendered":"<p style=\"text-align: justify;\"><img decoding=\"async\" loading=\"lazy\" class=\"aligncenter size-large wp-image-369\" src=\"http:\/\/tathatavrindham-brasil.com.br\/site\/wp-content\/uploads\/2020\/08\/sri-tathata-biografia-1024x546.jpg\" alt=\"Sri Tathata biografia\" width=\"720\" height=\"384\" srcset=\"https:\/\/tathatavrindham-brasil.com.br\/site\/wp-content\/uploads\/2020\/08\/sri-tathata-biografia-1024x546.jpg 1024w, https:\/\/tathatavrindham-brasil.com.br\/site\/wp-content\/uploads\/2020\/08\/sri-tathata-biografia-300x160.jpg 300w, https:\/\/tathatavrindham-brasil.com.br\/site\/wp-content\/uploads\/2020\/08\/sri-tathata-biografia-768x410.jpg 768w, https:\/\/tathatavrindham-brasil.com.br\/site\/wp-content\/uploads\/2020\/08\/sri-tathata-biografia.jpg 1140w\" sizes=\"(max-width: 720px) 100vw, 720px\" \/>Nascido no <strong>Kerala<\/strong> (sul da \u00cdndia) em 1942, <strong>\u015ar\u012b Tath\u0101ta<\/strong> <strong>\u00e9 um mestre indiano da Sabedoria V\u00e9dica<\/strong>, que traz uma mensagem Universal. Ele trabalha para a eleva\u00e7\u00e3o dos Seres Humanos e do Planeta.<\/p>\n<p style=\"text-align: justify;\">Quando crian\u00e7a ele se interessava principalmente por pr\u00e1ticas devocionais e muitas vezes entrava em estados de Medita\u00e7\u00e3o profunda.<\/p>\n<p style=\"text-align: justify;\"><strong>Aos 18 anos \u015ar\u012b Tath\u0101ta iniciou um per\u00edodo de Ascetismo<\/strong>. Por quatorze anos, ele experimentou os grandes caminhos Espirituais da Tradi\u00e7\u00e3o Indiana: Hatha Yoga, A\u1e63ta\u1e45ga M\u0101rga de Pata\u00f1jali, m\u00e9todos dos Siddhas, venera\u00e7\u00e3o T\u00e2ntrica da Divindade, pura devo\u00e7\u00e3o \u00e0 M\u00e3e Divina, alcan\u00e7ando em cada um deles a realiza\u00e7\u00e3o.<\/p>\n<p style=\"text-align: justify;\">Suas intensas pr\u00e1ticas Espirituais o tornam ciente da extens\u00e3o do sofrimento do Mundo. Portanto, ele est\u00e1 empenhado em ajudar a Humanidade.<\/p>\n<p style=\"text-align: justify;\">As pessoas espontaneamente se uniram a ele e um <strong>Ashram<\/strong> foi criado em <strong>Varishtapuri<\/strong>, o lugar de seu nascimento e Ascetismo. Com a certeza de que a solu\u00e7\u00e3o para o sofrimento do Mundo passa pelo respeito ao Dharma (Leis Universais), ele pondera como transmiti-lo aos Seres Humanos. Ent\u00e3o, em 21 de janeiro de 1991, \u015ar\u012b Tath\u0101ta revelou solenemente o Dharma Sutra ao Mundo em Sarnath, onde o Buda deu seu primeiro ensinamento ap\u00f3s a Ilumina\u00e7\u00e3o.<\/p>\n<p style=\"text-align: justify;\">O <strong>Dharma Sutra<\/strong> \u00e9 um tratado composto de 50 aforismos que lan\u00e7am luz sobre os v\u00e1rios est\u00e1gios que levam ao pleno desenvolvimento da Vida Humana e da Sociedade.<\/p>\n<p style=\"text-align: justify;\">Para estabelecer a presen\u00e7a do <strong>Dharma na Terra, \u015ar\u012b Tath\u0101ta<\/strong> empreende a constru\u00e7\u00e3o de um Templo acess\u00edvel a todos, o <strong>Dharma P\u012b\u1e6dha<\/strong>, consagrado em 6 de julho de 2006 em <strong>Kollur (Karnataka)<\/strong>.<\/p>\n<p style=\"text-align: justify;\">\u015ar\u012b Tath\u0101ta tamb\u00e9m conduz muitos <strong>rituais para a Humanidade<\/strong>, os <strong>Mah\u0101y\u0101gas<\/strong>, desde 1999. Essas cerim\u00f4nias V\u00e9dicas s\u00e3o conduzidas com o apoio das autoridades temporais, para a Paz e Harmonia Universais. O Mah\u0101y\u0101ga de fevereiro de 2014 reuniu mais de um milh\u00e3o de pessoas de todo o Mundo.<\/p>\n","protected":false},"excerpt":{"rendered":"<p>Nascido no Kerala (sul da \u00cdndia) em 1942, \u015ar\u012b Tath\u0101ta \u00e9 um mestre indiano da Sabedoria V\u00e9dica, que traz uma mensagem Universal. Ele trabalha para a eleva\u00e7\u00e3o dos Seres Humanos e do Planeta. Quando crian\u00e7a ele se interessava principalmente por<\/p>\n","protected":false},"author":1,"featured_media":0,"parent":0,"menu_order":0,"comment_status":"closed","ping_status":"closed","template":"","meta":[],"_links":{"self":[{"href":"https:\/\/tathatavrindham-brasil.com.br\/site\/wp-json\/wp\/v2\/pages\/364"}],"collection":[{"href":"https:\/\/tathatavrindham-brasil.com.br\/site\/wp-json\/wp\/v2\/pages"}],"about":[{"href":"https:\/\/tathatavrindham-brasil.com.br\/site\/wp-json\/wp\/v2\/types\/page"}],"author":[{"embeddable":true,"href":"https:\/\/tathatavrindham-brasil.com.br\/site\/wp-json\/wp\/v2\/users\/1"}],"replies":[{"embeddable":true,"href":"https:\/\/tathatavrindham-brasil.com.br\/site\/wp-json\/wp\/v2\/comments?post=364"}],"version-history":[{"count":13,"href":"https:\/\/tathatavrindham-brasil.com.br\/site\/wp-json\/wp\/v2\/pages\/364\/revisions"}],"predecessor-version":[{"id":813,"href":"https:\/\/tathatavrindham-brasil.com.br\/site\/wp-json\/wp\/v2\/pages\/364\/revisions\/813"}],"wp:attachment":[{"href":"https:\/\/tathatavrindham-brasil.com.br\/site\/wp-json\/wp\/v2\/media?parent=364"}],"curies":[{"name":"wp","href":"https:\/\/api.w.org\/{rel}","templated":true}]}}