{"id":377,"date":"2020-08-21T13:00:05","date_gmt":"2020-08-21T16:00:05","guid":{"rendered":"http:\/\/tathatavrindham-brasil.com.br\/site\/?page_id=377"},"modified":"2020-08-27T21:52:32","modified_gmt":"2020-08-28T00:52:32","slug":"encontros","status":"publish","type":"page","link":"https:\/\/tathatavrindham-brasil.com.br\/site\/encontros\/","title":{"rendered":"Encontros"},"content":{"rendered":"<p style=\"text-align: justify;\">Durante sua turn\u00ea europeia no ver\u00e3o de 2012, <strong>\u015ar\u012b Tath\u0101ta<\/strong> teve a oportunidade de se encontrar com o <strong>Papa Bento XVI<\/strong> na Pra\u00e7a de S\u00e3o Pedro em Roma dia 26 de setembro.<\/p>\n<p><img decoding=\"async\" loading=\"lazy\" class=\"aligncenter size-large wp-image-517\" src=\"http:\/\/tathatavrindham-brasil.com.br\/site\/wp-content\/uploads\/2020\/08\/sri-tathata-rencontre-pape-vatican-1024x688.jpg\" alt=\"\" width=\"720\" height=\"484\" srcset=\"https:\/\/tathatavrindham-brasil.com.br\/site\/wp-content\/uploads\/2020\/08\/sri-tathata-rencontre-pape-vatican-1024x688.jpg 1024w, https:\/\/tathatavrindham-brasil.com.br\/site\/wp-content\/uploads\/2020\/08\/sri-tathata-rencontre-pape-vatican-300x201.jpg 300w, https:\/\/tathatavrindham-brasil.com.br\/site\/wp-content\/uploads\/2020\/08\/sri-tathata-rencontre-pape-vatican-768x516.jpg 768w, https:\/\/tathatavrindham-brasil.com.br\/site\/wp-content\/uploads\/2020\/08\/sri-tathata-rencontre-pape-vatican.jpg 1400w\" sizes=\"(max-width: 720px) 100vw, 720px\" \/><\/p>\n<p style=\"text-align: justify;\">Eles seguraram as m\u00e3os um do outro por um longo tempo. Explica\u00e7\u00f5es sobre a miss\u00e3o de <strong>\u015ar\u012b Tath\u0101ta<\/strong> foram dadas ao <strong>Papa<\/strong>, e um convite foi enviado a ele para o <strong>Grande Ritual V\u00e9dico\u00a0<\/strong><b>Mah\u0101y\u0101ga<\/b>\u00a0de fevereiro de 2014.<\/p>\n<p style=\"text-align: justify;\">Tamb\u00e9m na prepara\u00e7\u00e3o para o Mah\u0101y\u0101ga de 2014, \u015ar\u012b Tath\u0101ta se encontrou com <strong>Sua Santidade o Dalai Lama<\/strong> em sua resid\u00eancia em MacLeodganj (norte da \u00cdndia) dia 17 de novembro de 2012.<\/p>\n<p><img decoding=\"async\" loading=\"lazy\" class=\"aligncenter size-full wp-image-669\" src=\"http:\/\/tathatavrindham-brasil.com.br\/site\/wp-content\/uploads\/2020\/08\/DalaiLama.jpg\" alt=\"Dalai Lama\" width=\"1140\" height=\"608\" srcset=\"https:\/\/tathatavrindham-brasil.com.br\/site\/wp-content\/uploads\/2020\/08\/DalaiLama.jpg 1140w, https:\/\/tathatavrindham-brasil.com.br\/site\/wp-content\/uploads\/2020\/08\/DalaiLama-300x160.jpg 300w, https:\/\/tathatavrindham-brasil.com.br\/site\/wp-content\/uploads\/2020\/08\/DalaiLama-1024x546.jpg 1024w, https:\/\/tathatavrindham-brasil.com.br\/site\/wp-content\/uploads\/2020\/08\/DalaiLama-768x410.jpg 768w\" sizes=\"(max-width: 1140px) 100vw, 1140px\" \/><\/p>\n<p style=\"text-align: justify;\">\u015ar\u012b Tath\u0101ta se reuniu em v\u00e1rias ocasi\u00f5es com diferentes ministros do governo de Nova D\u00e9lhi. Ele tamb\u00e9m se reuniu com sucessivos \u201cministros-chefes\u201d do Kerala. Ele recebeu forte apoio de Oommen Chandy, (ministro-chefe crist\u00e3o do Kerala de 2012 a 2016), que visitou os Mah\u0101y\u0101gas de 2009 e 2014.<\/p>\n<p style=\"text-align: justify;\">Muitas personalidades, tanto indianas quanto ocidentais, honraram o <strong>Mah\u0101y\u0101ga 2014<\/strong> com sua presen\u00e7a e se encontraram com \u015ar\u012b Tath\u0101ta nesta ocasi\u00e3o: podemos citar, por exemplo, <strong>Vandana Shiva, Baba Ramdev e o brasileiro Kak\u00e1 Wer\u00e1<\/strong>.<\/p>\n","protected":false},"excerpt":{"rendered":"<p>Durante sua turn\u00ea europeia no ver\u00e3o de 2012, \u015ar\u012b Tath\u0101ta teve a oportunidade de se encontrar com o Papa Bento XVI na Pra\u00e7a de S\u00e3o Pedro em Roma dia 26 de setembro. Eles seguraram as m\u00e3os um do outro por<\/p>\n","protected":false},"author":1,"featured_media":0,"parent":0,"menu_order":0,"comment_status":"closed","ping_status":"closed","template":"","meta":[],"_links":{"self":[{"href":"https:\/\/tathatavrindham-brasil.com.br\/site\/wp-json\/wp\/v2\/pages\/377"}],"collection":[{"href":"https:\/\/tathatavrindham-brasil.com.br\/site\/wp-json\/wp\/v2\/pages"}],"about":[{"href":"https:\/\/tathatavrindham-brasil.com.br\/site\/wp-json\/wp\/v2\/types\/page"}],"author":[{"embeddable":true,"href":"https:\/\/tathatavrindham-brasil.com.br\/site\/wp-json\/wp\/v2\/users\/1"}],"replies":[{"embeddable":true,"href":"https:\/\/tathatavrindham-brasil.com.br\/site\/wp-json\/wp\/v2\/comments?post=377"}],"version-history":[{"count":8,"href":"https:\/\/tathatavrindham-brasil.com.br\/site\/wp-json\/wp\/v2\/pages\/377\/revisions"}],"predecessor-version":[{"id":830,"href":"https:\/\/tathatavrindham-brasil.com.br\/site\/wp-json\/wp\/v2\/pages\/377\/revisions\/830"}],"wp:attachment":[{"href":"https:\/\/tathatavrindham-brasil.com.br\/site\/wp-json\/wp\/v2\/media?parent=377"}],"curies":[{"name":"wp","href":"https:\/\/api.w.org\/{rel}","templated":true}]}}

<p style="text-align: justify;">Durante sua turnê europeia no verão de 2012, <strong>Śrī Tathāta</strong> teve a oportunidade de se encontrar com o <strong>Papa Bento XVI</strong> na Praça de São Pedro em Roma dia 26 de setembro.</p>
<p><img decoding="async" loading="lazy" class="aligncenter size-large wp-image-517" src="http://tathatavrindham-brasil.com.br/site/wp-content/uploads/2020/08/sri-tathata-rencontre-pape-vatican-1024x688.jpg" alt="" width="720" height="484" srcset="https://tathatavrindham-brasil.com.br/site/wp-content/uploads/2020/08/sri-tathata-rencontre-pape-vatican-1024x688.jpg 1024w, https://tathatavrindham-brasil.com.br/site/wp-content/uploads/2020/08/sri-tathata-rencontre-pape-vatican-300x201.jpg 300w, https://tathatavrindham-brasil.com.br/site/wp-content/uploads/2020/08/sri-tathata-rencontre-pape-vatican-768x516.jpg 768w, https://tathatavrindham-brasil.com.br/site/wp-content/uploads/2020/08/sri-tathata-rencontre-pape-vatican.jpg 1400w" sizes="(max-width: 720px) 100vw, 720px" /></p>
<p style="text-align: justify;">Eles seguraram as mãos um do outro por um longo tempo. Explicações sobre a missão de <strong>Śrī Tathāta</strong> foram dadas ao <strong>Papa</strong>, e um convite foi enviado a ele para o <strong>Grande Ritual Védico </strong><b>Mahāyāga</b> de fevereiro de 2014.</p>
<p style="text-align: justify;">Também na preparação para o Mahāyāga de 2014, Śrī Tathāta se encontrou com <strong>Sua Santidade o Dalai Lama</strong> em sua residência em MacLeodganj (norte da Índia) dia 17 de novembro de 2012.</p>
<p><img decoding="async" loading="lazy" class="aligncenter size-full wp-image-669" src="http://tathatavrindham-brasil.com.br/site/wp-content/uploads/2020/08/DalaiLama.jpg" alt="Dalai Lama" width="1140" height="608" srcset="https://tathatavrindham-brasil.com.br/site/wp-content/uploads/2020/08/DalaiLama.jpg 1140w, https://tathatavrindham-brasil.com.br/site/wp-content/uploads/2020/08/DalaiLama-300x160.jpg 300w, https://tathatavrindham-brasil.com.br/site/wp-content/uploads/2020/08/DalaiLama-1024x546.jpg 1024w, https://tathatavrindham-brasil.com.br/site/wp-content/uploads/2020/08/DalaiLama-768x410.jpg 768w" sizes="(max-width: 1140px) 100vw, 1140px" /></p>
<p style="text-align: justify;">Śrī Tathāta se reuniu em várias ocasiões com diferentes ministros do governo de Nova Délhi. Ele também se reuniu com sucessivos “ministros-chefes” do Kerala. Ele recebeu forte apoio de Oommen Chandy, (ministro-chefe cristão do Kerala de 2012 a 2016), que visitou os Mahāyāgas de 2009 e 2014.</p>
<p style="text-align: justify;">Muitas personalidades, tanto indianas quanto ocidentais, honraram o <strong>Mahāyāga 2014</strong> com sua presença e se encontraram com Śrī Tathāta nesta ocasião: podemos citar, por exemplo, <strong>Vandana Shiva, Baba Ramdev e o brasileiro Kaká Werá</strong>.</p>

<p>Durante sua turnê europeia no verão de 2012, Śrī Tathāta teve a oportunidade de se encontrar com o Papa Bento XVI na Praça de São Pedro em Roma dia 26 de setembro. Eles seguraram as mãos um do outro por</p>
