{"id":399,"date":"2020-08-21T13:08:06","date_gmt":"2020-08-21T16:08:06","guid":{"rendered":"http:\/\/tathatavrindham-brasil.com.br\/site\/?page_id=399"},"modified":"2021-04-09T15:41:03","modified_gmt":"2021-04-09T18:41:03","slug":"aisvara-yoga","status":"publish","type":"page","link":"https:\/\/tathatavrindham-brasil.com.br\/site\/aisvara-yoga\/","title":{"rendered":"Medita\u00e7\u00e3o V\u00e9dica Ai\u015bvara Yoga on-line"},"content":{"rendered":"<p style=\"text-align: justify;\"><img decoding=\"async\" loading=\"lazy\" class=\"alignleft size-full wp-image-637\" src=\"http:\/\/tathatavrindham-brasil.com.br\/site\/wp-content\/uploads\/2020\/08\/Aisvara_yoga.jpg\" alt=\"\" width=\"300\" height=\"448\" srcset=\"https:\/\/tathatavrindham-brasil.com.br\/site\/wp-content\/uploads\/2020\/08\/Aisvara_yoga.jpg 300w, https:\/\/tathatavrindham-brasil.com.br\/site\/wp-content\/uploads\/2020\/08\/Aisvara_yoga-201x300.jpg 201w\" sizes=\"(max-width: 300px) 100vw, 300px\" \/><\/p>\n<p>&nbsp;<\/p>\n<p style=\"text-align: justify;\">A <strong>Medita\u00e7\u00e3o na Luz Suprema<\/strong> est\u00e1 no centro desta pr\u00e1tica concebida por <strong>\u015ar\u012b Tath\u0101ta<\/strong>.<\/p>\n<p style=\"text-align: justify;\">Na primeira fase da pr\u00e1tica, a respira\u00e7\u00e3o e a recita\u00e7\u00e3o de Mantras t\u00eam o objetivo de liberar a tens\u00e3o, acalmar a mente e despertar a presen\u00e7a interior.<\/p>\n<p style=\"text-align: justify;\">Esses exerc\u00edcios s\u00e3o uma prepara\u00e7\u00e3o para a Medita\u00e7\u00e3o guiada centrada na contempla\u00e7\u00e3o da Fonte Suprema e na Luz que \u00e9 convidada a se manifestar em todos os aspectos da Vida.<\/p>\n<p style=\"text-align: justify;\">Esta pr\u00e1tica \u00e9 compartilhada com o p\u00fablico em S\u00e3o Paulo de maneira regular.<\/p>\n<p style=\"text-align: justify;\"><span style=\"color: #ff6600;\"><a style=\"color: #ff6600;\" href=\"http:\/\/tathatavrindham-brasil.com.br\/site\/meditacao-vedica-aisvara-yoga\/\">Acesse as informa\u00e7\u00f5es sobre as datas.<\/a><\/span><\/p>\n","protected":false},"excerpt":{"rendered":"<p>&nbsp; A Medita\u00e7\u00e3o na Luz Suprema est\u00e1 no centro desta pr\u00e1tica concebida por \u015ar\u012b Tath\u0101ta. Na primeira fase da pr\u00e1tica, a respira\u00e7\u00e3o e a recita\u00e7\u00e3o de Mantras t\u00eam o objetivo de liberar a tens\u00e3o, acalmar a mente e despertar a<\/p>\n","protected":false},"author":1,"featured_media":570,"parent":0,"menu_order":0,"comment_status":"closed","ping_status":"closed","template":"","meta":[],"_links":{"self":[{"href":"https:\/\/tathatavrindham-brasil.com.br\/site\/wp-json\/wp\/v2\/pages\/399"}],"collection":[{"href":"https:\/\/tathatavrindham-brasil.com.br\/site\/wp-json\/wp\/v2\/pages"}],"about":[{"href":"https:\/\/tathatavrindham-brasil.com.br\/site\/wp-json\/wp\/v2\/types\/page"}],"author":[{"embeddable":true,"href":"https:\/\/tathatavrindham-brasil.com.br\/site\/wp-json\/wp\/v2\/users\/1"}],"replies":[{"embeddable":true,"href":"https:\/\/tathatavrindham-brasil.com.br\/site\/wp-json\/wp\/v2\/comments?post=399"}],"version-history":[{"count":42,"href":"https:\/\/tathatavrindham-brasil.com.br\/site\/wp-json\/wp\/v2\/pages\/399\/revisions"}],"predecessor-version":[{"id":983,"href":"https:\/\/tathatavrindham-brasil.com.br\/site\/wp-json\/wp\/v2\/pages\/399\/revisions\/983"}],"wp:featuredmedia":[{"embeddable":true,"href":"https:\/\/tathatavrindham-brasil.com.br\/site\/wp-json\/wp\/v2\/media\/570"}],"wp:attachment":[{"href":"https:\/\/tathatavrindham-brasil.com.br\/site\/wp-json\/wp\/v2\/media?parent=399"}],"curies":[{"name":"wp","href":"https:\/\/api.w.org\/{rel}","templated":true}]}}

Meditação Védica Aiśvara Yoga on-line

<p style="text-align: justify;"><img decoding="async" loading="lazy" class="alignleft size-full wp-image-637" src="http://tathatavrindham-brasil.com.br/site/wp-content/uploads/2020/08/Aisvara_yoga.jpg" alt="" width="300" height="448" srcset="https://tathatavrindham-brasil.com.br/site/wp-content/uploads/2020/08/Aisvara_yoga.jpg 300w, https://tathatavrindham-brasil.com.br/site/wp-content/uploads/2020/08/Aisvara_yoga-201x300.jpg 201w" sizes="(max-width: 300px) 100vw, 300px" /></p>
<p>&nbsp;</p>
<p style="text-align: justify;">A <strong>Meditação na Luz Suprema</strong> está no centro desta prática concebida por <strong>Śrī Tathāta</strong>.</p>
<p style="text-align: justify;">Na primeira fase da prática, a respiração e a recitação de Mantras têm o objetivo de liberar a tensão, acalmar a mente e despertar a presença interior.</p>
<p style="text-align: justify;">Esses exercícios são uma preparação para a Meditação guiada centrada na contemplação da Fonte Suprema e na Luz que é convidada a se manifestar em todos os aspectos da Vida.</p>
<p style="text-align: justify;">Esta prática é compartilhada com o público em São Paulo de maneira regular.</p>
<p style="text-align: justify;"><span style="color: #ff6600;"><a style="color: #ff6600;" href="http://tathatavrindham-brasil.com.br/site/meditacao-vedica-aisvara-yoga/">Acesse as informações sobre as datas.</a></span></p>

<p>&nbsp; A Meditação na Luz Suprema está no centro desta prática concebida por Śrī Tathāta. Na primeira fase da prática, a respiração e a recitação de Mantras têm o objetivo de liberar a tensão, acalmar a mente e despertar a</p>
