{"id":479,"date":"2020-08-21T15:29:00","date_gmt":"2020-08-21T18:29:00","guid":{"rendered":"http:\/\/tathatavrindham-brasil.com.br\/site\/?page_id=479"},"modified":"2020-08-25T11:54:14","modified_gmt":"2020-08-25T14:54:14","slug":"encontros-periodicos","status":"publish","type":"page","link":"https:\/\/tathatavrindham-brasil.com.br\/site\/encontros-periodicos\/","title":{"rendered":"Encontros Peri\u00f3dicos"},"content":{"rendered":"<p style=\"text-align: justify;\"><img decoding=\"async\" loading=\"lazy\" class=\"alignleft wp-image-676 size-medium\" src=\"http:\/\/tathatavrindham-brasil.com.br\/site\/wp-content\/uploads\/2020\/08\/encontrosperiodicos-225x300.jpg\" alt=\"Encontros Peri\u00f3dicos\" width=\"225\" height=\"300\" srcset=\"https:\/\/tathatavrindham-brasil.com.br\/site\/wp-content\/uploads\/2020\/08\/encontrosperiodicos-225x300.jpg 225w, https:\/\/tathatavrindham-brasil.com.br\/site\/wp-content\/uploads\/2020\/08\/encontrosperiodicos.jpg 540w\" sizes=\"(max-width: 225px) 100vw, 225px\" \/>A Medita\u00e7\u00e3o Ai\u015bvara Yoga \u00e9 compartilhada mensalmente no Centro Cultural Swami Vivekananda de S\u00e3o Paulo, do Consulado da \u00cdndia na Alameda Sarutai\u00e1.<\/p>\n<p style=\"text-align: justify;\">A Medita\u00e7\u00e3o na Luz Suprema est\u00e1 no centro desta pr\u00e1tica concebida por \u015ar\u012b Tath\u0101ta. Na primeira fase da pr\u00e1tica, a respira\u00e7\u00e3o e a recita\u00e7\u00e3o de Mantras t\u00eam o objetivo de liberar a tens\u00e3o, acalmar a mente e despertar a presen\u00e7a interior. Esses exerc\u00edcios s\u00e3o uma prepara\u00e7\u00e3o para a Medita\u00e7\u00e3o guiada centrada na contempla\u00e7\u00e3o da Fonte Suprema e na Luz que \u00e9 convidada a se manifestar em todos os aspectos da Vida.<\/p>\n<p style=\"text-align: justify;\">Esta pr\u00e1tica \u00e9 compartilhada com o p\u00fablico em S\u00e3o Paulo de maneira regular.<\/p>\n<p style=\"text-align: right;\"><span style=\"color: #ff6600;\"><a style=\"color: #ff6600;\" href=\"http:\/\/tathatavrindham-brasil.com.br\/site\/agenda\/\">Visite nossa agenda<\/a><\/span>.<\/p>\n","protected":false},"excerpt":{"rendered":"<p>A Medita\u00e7\u00e3o Ai\u015bvara Yoga \u00e9 compartilhada mensalmente no Centro Cultural Swami Vivekananda de S\u00e3o Paulo, do Consulado da \u00cdndia na Alameda Sarutai\u00e1. A Medita\u00e7\u00e3o na Luz Suprema est\u00e1 no centro desta pr\u00e1tica concebida por \u015ar\u012b Tath\u0101ta. Na primeira fase da<\/p>\n","protected":false},"author":1,"featured_media":0,"parent":0,"menu_order":0,"comment_status":"closed","ping_status":"closed","template":"","meta":[],"_links":{"self":[{"href":"https:\/\/tathatavrindham-brasil.com.br\/site\/wp-json\/wp\/v2\/pages\/479"}],"collection":[{"href":"https:\/\/tathatavrindham-brasil.com.br\/site\/wp-json\/wp\/v2\/pages"}],"about":[{"href":"https:\/\/tathatavrindham-brasil.com.br\/site\/wp-json\/wp\/v2\/types\/page"}],"author":[{"embeddable":true,"href":"https:\/\/tathatavrindham-brasil.com.br\/site\/wp-json\/wp\/v2\/users\/1"}],"replies":[{"embeddable":true,"href":"https:\/\/tathatavrindham-brasil.com.br\/site\/wp-json\/wp\/v2\/comments?post=479"}],"version-history":[{"count":6,"href":"https:\/\/tathatavrindham-brasil.com.br\/site\/wp-json\/wp\/v2\/pages\/479\/revisions"}],"predecessor-version":[{"id":775,"href":"https:\/\/tathatavrindham-brasil.com.br\/site\/wp-json\/wp\/v2\/pages\/479\/revisions\/775"}],"wp:attachment":[{"href":"https:\/\/tathatavrindham-brasil.com.br\/site\/wp-json\/wp\/v2\/media?parent=479"}],"curies":[{"name":"wp","href":"https:\/\/api.w.org\/{rel}","templated":true}]}}

Encontros Periódicos

<p style="text-align: justify;"><img decoding="async" loading="lazy" class="alignleft wp-image-676 size-medium" src="http://tathatavrindham-brasil.com.br/site/wp-content/uploads/2020/08/encontrosperiodicos-225x300.jpg" alt="Encontros Periódicos" width="225" height="300" srcset="https://tathatavrindham-brasil.com.br/site/wp-content/uploads/2020/08/encontrosperiodicos-225x300.jpg 225w, https://tathatavrindham-brasil.com.br/site/wp-content/uploads/2020/08/encontrosperiodicos.jpg 540w" sizes="(max-width: 225px) 100vw, 225px" />A Meditação Aiśvara Yoga é compartilhada mensalmente no Centro Cultural Swami Vivekananda de São Paulo, do Consulado da Índia na Alameda Sarutaiá.</p>
<p style="text-align: justify;">A Meditação na Luz Suprema está no centro desta prática concebida por Śrī Tathāta. Na primeira fase da prática, a respiração e a recitação de Mantras têm o objetivo de liberar a tensão, acalmar a mente e despertar a presença interior. Esses exercícios são uma preparação para a Meditação guiada centrada na contemplação da Fonte Suprema e na Luz que é convidada a se manifestar em todos os aspectos da Vida.</p>
<p style="text-align: justify;">Esta prática é compartilhada com o público em São Paulo de maneira regular.</p>
<p style="text-align: right;"><span style="color: #ff6600;"><a style="color: #ff6600;" href="http://tathatavrindham-brasil.com.br/site/agenda/">Visite nossa agenda</a></span>.</p>

<p>A Meditação Aiśvara Yoga é compartilhada mensalmente no Centro Cultural Swami Vivekananda de São Paulo, do Consulado da Índia na Alameda Sarutaiá. A Meditação na Luz Suprema está no centro desta prática concebida por Śrī Tathāta. Na primeira fase da</p>
