{"id":691,"date":"2020-08-24T10:00:11","date_gmt":"2020-08-24T13:00:11","guid":{"rendered":"http:\/\/tathatavrindham-brasil.com.br\/site\/?page_id=691"},"modified":"2021-04-09T15:01:22","modified_gmt":"2021-04-09T18:01:22","slug":"canal-youtube","status":"publish","type":"page","link":"https:\/\/tathatavrindham-brasil.com.br\/site\/canal-youtube\/","title":{"rendered":"<i class=\"fa fa-youtube\"><\/i> Canal YouTube"},"content":{"rendered":"<p><img decoding=\"async\" loading=\"lazy\" class=\"aligncenter size-full wp-image-708\" src=\"http:\/\/tathatavrindham-brasil.com.br\/site\/wp-content\/uploads\/2020\/08\/top_canal_youtube.jpg\" alt=\"\" width=\"1078\" height=\"182\" srcset=\"https:\/\/tathatavrindham-brasil.com.br\/site\/wp-content\/uploads\/2020\/08\/top_canal_youtube.jpg 1078w, https:\/\/tathatavrindham-brasil.com.br\/site\/wp-content\/uploads\/2020\/08\/top_canal_youtube-300x51.jpg 300w, https:\/\/tathatavrindham-brasil.com.br\/site\/wp-content\/uploads\/2020\/08\/top_canal_youtube-1024x173.jpg 1024w, https:\/\/tathatavrindham-brasil.com.br\/site\/wp-content\/uploads\/2020\/08\/top_canal_youtube-768x130.jpg 768w\" sizes=\"(max-width: 1078px) 100vw, 1078px\" \/><\/p>\n<p>Nosso canal Youtube est\u00e1 sendo enriquecido com pequenas s\u00e9ries de v\u00eddeos com <strong>ensinamentos pr\u00e1ticos e te\u00f3ricos<\/strong> sobre o G\u0101yatr\u012b Mantra, Medita\u00e7\u00f5es e com outros temas a vir como Pr\u0101\u1e47\u0101y\u0101mas!<\/p>\n<p>N\u00f3s lhe convidamos a visit\u00e1-lo para conhecer o conte\u00fado e a se inscrever para ser informado das novidades.<\/p>\n<p style=\"text-align: center;\"><a href=\"https:\/\/www.youtube.com\/channel\/UCFWkL9iW2W1D9FeqK7CMq2w\" target=\"_blank\" rel=\"noopener noreferrer\"><button><i class=\"fa fa-youtube fa-2x\"><\/i> Acessar Canal<\/button><\/a><\/p>\n","protected":false},"excerpt":{"rendered":"<p>Nosso canal Youtube est\u00e1 sendo enriquecido com pequenas s\u00e9ries de v\u00eddeos com ensinamentos pr\u00e1ticos e te\u00f3ricos sobre o G\u0101yatr\u012b Mantra, Medita\u00e7\u00f5es e com outros temas a vir como Pr\u0101\u1e47\u0101y\u0101mas! N\u00f3s lhe convidamos a visit\u00e1-lo para conhecer o conte\u00fado e a<\/p>\n","protected":false},"author":1,"featured_media":0,"parent":0,"menu_order":0,"comment_status":"closed","ping_status":"closed","template":"","meta":[],"_links":{"self":[{"href":"https:\/\/tathatavrindham-brasil.com.br\/site\/wp-json\/wp\/v2\/pages\/691"}],"collection":[{"href":"https:\/\/tathatavrindham-brasil.com.br\/site\/wp-json\/wp\/v2\/pages"}],"about":[{"href":"https:\/\/tathatavrindham-brasil.com.br\/site\/wp-json\/wp\/v2\/types\/page"}],"author":[{"embeddable":true,"href":"https:\/\/tathatavrindham-brasil.com.br\/site\/wp-json\/wp\/v2\/users\/1"}],"replies":[{"embeddable":true,"href":"https:\/\/tathatavrindham-brasil.com.br\/site\/wp-json\/wp\/v2\/comments?post=691"}],"version-history":[{"count":16,"href":"https:\/\/tathatavrindham-brasil.com.br\/site\/wp-json\/wp\/v2\/pages\/691\/revisions"}],"predecessor-version":[{"id":941,"href":"https:\/\/tathatavrindham-brasil.com.br\/site\/wp-json\/wp\/v2\/pages\/691\/revisions\/941"}],"wp:attachment":[{"href":"https:\/\/tathatavrindham-brasil.com.br\/site\/wp-json\/wp\/v2\/media?parent=691"}],"curies":[{"name":"wp","href":"https:\/\/api.w.org\/{rel}","templated":true}]}}